Dec 03 12:27:27.304 INFO testing expo-server-sdk-0.1.0 against master#8940af3cea4a9a9deabcaf843b2f8cad9a83fc61 for beta-1.31-5
Dec 03 12:27:27.304 INFO running `"docker" "create" "-v" "/mnt/big/crater/work/local/target-dirs/beta-1.31-5/worker-4/master#8940af3cea4a9a9deabcaf843b2f8cad9a83fc61:/target:rw,Z" "-v" "/mnt/big/crater/work/local/test-source/worker-4/beta-1.31-5/master#8940af3cea4a9a9deabcaf843b2f8cad9a83fc61:/source:ro,Z" "-v" "/mnt/big/crater/work/local/cargo-home:/cargo-home:ro,Z" "-v" "/mnt/big/crater/work/local/rustup-home:/rustup-home:ro,Z" "-e" "USER_ID=1000" "-e" "SOURCE_DIR=/source" "-e" "USER_ID=1000" "-e" "CMD=cargo +8940af3cea4a9a9deabcaf843b2f8cad9a83fc61-alt build --frozen" "-e" "CARGO_TARGET_DIR=/target" "-e" "CARGO_INCREMENTAL=0" "-e" "RUST_BACKTRACE=full" "-e" "RUSTFLAGS=--cap-lints=warn" "-e" "CARGO_HOME=/cargo-home" "-e" "RUSTUP_HOME=/rustup-home" "-m" "1536M" "--network" "none" "crater"`
Dec 03 12:27:27.656 INFO [stdout] fc847ca27a32fc67b0782c6865c3021dfa4fb1f398c2e4b4cb07a0ab072f8a33
Dec 03 12:27:27.661 INFO running `"docker" "start" "-a" "fc847ca27a32fc67b0782c6865c3021dfa4fb1f398c2e4b4cb07a0ab072f8a33"`
Dec 03 12:27:28.259 INFO [stderr] usermod: no changes
Dec 03 12:27:28.711 INFO [stderr]    Compiling structopt v0.2.13
Dec 03 12:27:30.156 INFO [stderr]    Compiling expo-server-sdk v0.1.0 (/source)
Dec 03 12:27:52.758 INFO [stderr] warning: unused `#[macro_use]` import
Dec 03 12:27:52.758 INFO [stderr]  --> src/main.rs:6:1
Dec 03 12:27:52.758 INFO [stderr]   |
Dec 03 12:27:52.758 INFO [stderr] 6 | #[macro_use]
Dec 03 12:27:52.758 INFO [stderr]   | ^^^^^^^^^^^^
Dec 03 12:27:52.759 INFO [stderr]   |
Dec 03 12:27:52.759 INFO [stderr]   = note: #[warn(unused_imports)] on by default
Dec 03 12:27:52.759 INFO [stderr] 
Dec 03 12:27:52.883 INFO [stderr] warning: use of deprecated item 'failure::error::Error::causes': please use the 'iter_chain()' method instead
Dec 03 12:27:52.883 INFO [stderr]   --> src/main.rs:19:20
Dec 03 12:27:52.883 INFO [stderr]    |
Dec 03 12:27:52.883 INFO [stderr] 19 |         for e in e.causes() {
Dec 03 12:27:52.883 INFO [stderr]    |                    ^^^^^^
Dec 03 12:27:52.883 INFO [stderr]    |
Dec 03 12:27:52.883 INFO [stderr]    = note: #[warn(deprecated)] on by default
Dec 03 12:27:52.883 INFO [stderr] 
Dec 03 12:27:59.817 INFO [stderr]     Finished dev [unoptimized + debuginfo] target(s) in 31.53s
Dec 03 12:27:59.834 INFO [stderr] su: No module specific data is present
Dec 03 12:28:00.945 INFO running `"docker" "inspect" "fc847ca27a32fc67b0782c6865c3021dfa4fb1f398c2e4b4cb07a0ab072f8a33"`
Dec 03 12:28:01.405 INFO running `"docker" "rm" "-f" "fc847ca27a32fc67b0782c6865c3021dfa4fb1f398c2e4b4cb07a0ab072f8a33"`
Dec 03 12:28:01.699 INFO [stdout] fc847ca27a32fc67b0782c6865c3021dfa4fb1f398c2e4b4cb07a0ab072f8a33
Dec 03 12:28:01.711 INFO running `"docker" "create" "-v" "/mnt/big/crater/work/local/target-dirs/beta-1.31-5/worker-4/master#8940af3cea4a9a9deabcaf843b2f8cad9a83fc61:/target:rw,Z" "-v" "/mnt/big/crater/work/local/test-source/worker-4/beta-1.31-5/master#8940af3cea4a9a9deabcaf843b2f8cad9a83fc61:/source:ro,Z" "-v" "/mnt/big/crater/work/local/cargo-home:/cargo-home:ro,Z" "-v" "/mnt/big/crater/work/local/rustup-home:/rustup-home:ro,Z" "-e" "USER_ID=1000" "-e" "SOURCE_DIR=/source" "-e" "USER_ID=1000" "-e" "CMD=cargo +8940af3cea4a9a9deabcaf843b2f8cad9a83fc61-alt test --frozen --no-run" "-e" "CARGO_TARGET_DIR=/target" "-e" "CARGO_INCREMENTAL=0" "-e" "RUST_BACKTRACE=full" "-e" "RUSTFLAGS=--cap-lints=warn" "-e" "CARGO_HOME=/cargo-home" "-e" "RUSTUP_HOME=/rustup-home" "-m" "1536M" "--network" "none" "crater"`
Dec 03 12:28:02.288 INFO [stdout] ffbdd7a80b239210b43dbc8701c54e00dfe7413c85462a1ca21ca8998c3c6a3f
Dec 03 12:28:02.290 INFO running `"docker" "start" "-a" "ffbdd7a80b239210b43dbc8701c54e00dfe7413c85462a1ca21ca8998c3c6a3f"`
Dec 03 12:28:03.729 INFO [stderr] usermod: no changes
Dec 03 12:28:04.108 INFO [stderr]    Compiling expo-server-sdk v0.1.0 (/source)
Dec 03 12:28:19.586 INFO [stderr] warning: unused `#[macro_use]` import
Dec 03 12:28:19.586 INFO [stderr]  --> src/main.rs:6:1
Dec 03 12:28:19.586 INFO [stderr]   |
Dec 03 12:28:19.586 INFO [stderr] 6 | #[macro_use]
Dec 03 12:28:19.586 INFO [stderr]   | ^^^^^^^^^^^^
Dec 03 12:28:19.586 INFO [stderr]   |
Dec 03 12:28:19.586 INFO [stderr]   = note: #[warn(unused_imports)] on by default
Dec 03 12:28:19.586 INFO [stderr] 
Dec 03 12:28:19.687 INFO [stderr] warning: use of deprecated item 'failure::error::Error::causes': please use the 'iter_chain()' method instead
Dec 03 12:28:19.687 INFO [stderr]   --> src/main.rs:19:20
Dec 03 12:28:19.687 INFO [stderr]    |
Dec 03 12:28:19.687 INFO [stderr] 19 |         for e in e.causes() {
Dec 03 12:28:19.687 INFO [stderr]    |                    ^^^^^^
Dec 03 12:28:19.687 INFO [stderr]    |
Dec 03 12:28:19.687 INFO [stderr]    = note: #[warn(deprecated)] on by default
Dec 03 12:28:19.687 INFO [stderr] 
Dec 03 12:28:22.818 INFO [stderr]     Finished dev [unoptimized + debuginfo] target(s) in 19.05s
Dec 03 12:28:22.834 INFO [stderr] su: No module specific data is present
Dec 03 12:28:24.083 INFO running `"docker" "inspect" "ffbdd7a80b239210b43dbc8701c54e00dfe7413c85462a1ca21ca8998c3c6a3f"`
Dec 03 12:28:24.433 INFO running `"docker" "rm" "-f" "ffbdd7a80b239210b43dbc8701c54e00dfe7413c85462a1ca21ca8998c3c6a3f"`
Dec 03 12:28:24.735 INFO [stdout] ffbdd7a80b239210b43dbc8701c54e00dfe7413c85462a1ca21ca8998c3c6a3f
Dec 03 12:28:24.737 INFO running `"docker" "create" "-v" "/mnt/big/crater/work/local/target-dirs/beta-1.31-5/worker-4/master#8940af3cea4a9a9deabcaf843b2f8cad9a83fc61:/target:rw,Z" "-v" "/mnt/big/crater/work/local/test-source/worker-4/beta-1.31-5/master#8940af3cea4a9a9deabcaf843b2f8cad9a83fc61:/source:ro,Z" "-v" "/mnt/big/crater/work/local/cargo-home:/cargo-home:ro,Z" "-v" "/mnt/big/crater/work/local/rustup-home:/rustup-home:ro,Z" "-e" "USER_ID=1000" "-e" "SOURCE_DIR=/source" "-e" "USER_ID=1000" "-e" "CMD=cargo +8940af3cea4a9a9deabcaf843b2f8cad9a83fc61-alt test --frozen" "-e" "CARGO_TARGET_DIR=/target" "-e" "CARGO_INCREMENTAL=0" "-e" "RUST_BACKTRACE=full" "-e" "RUSTFLAGS=--cap-lints=warn" "-e" "CARGO_HOME=/cargo-home" "-e" "RUSTUP_HOME=/rustup-home" "-m" "1536M" "--network" "none" "crater"`
Dec 03 12:28:25.159 INFO [stdout] 321a20914748e62b80aa438fa8369eeb99ca96e6e73425ffd48b11e720ec9c7d
Dec 03 12:28:25.161 INFO running `"docker" "start" "-a" "321a20914748e62b80aa438fa8369eeb99ca96e6e73425ffd48b11e720ec9c7d"`
Dec 03 12:28:26.847 INFO [stderr] usermod: no changes
Dec 03 12:28:27.215 INFO [stderr]     Finished dev [unoptimized + debuginfo] target(s) in 0.34s
Dec 03 12:28:27.227 INFO [stderr]      Running /target/debug/deps/expo_server_sdk-e3095cee10892130
Dec 03 12:28:27.232 INFO [stdout] 
Dec 03 12:28:27.232 INFO [stdout] running 0 tests
Dec 03 12:28:27.233 INFO [stdout] 
Dec 03 12:28:27.233 INFO [stdout] test result: ok. 0 passed; 0 failed; 0 ignored; 0 measured; 0 filtered out
Dec 03 12:28:27.233 INFO [stdout] 
Dec 03 12:28:27.252 INFO [stderr]      Running /target/debug/deps/expo_server-61495873effa4a29
Dec 03 12:28:27.260 INFO [stdout] 
Dec 03 12:28:27.260 INFO [stdout] running 0 tests
Dec 03 12:28:27.260 INFO [stdout] 
Dec 03 12:28:27.260 INFO [stdout] test result: ok. 0 passed; 0 failed; 0 ignored; 0 measured; 0 filtered out
Dec 03 12:28:27.260 INFO [stdout] 
Dec 03 12:28:27.262 INFO [stderr]      Running /target/debug/deps/test-85b1ae3d5eb7df17
Dec 03 12:28:27.281 INFO [stdout] 
Dec 03 12:28:27.281 INFO [stdout] running 3 tests
Dec 03 12:28:27.821 INFO [stdout] test tests::send_push_notifications_small_chunks ... FAILED
Dec 03 12:28:27.822 INFO [stdout] test tests::send_push_notification ... FAILED
Dec 03 12:28:27.822 INFO [stdout] test tests::send_push_notifications_default_chunks ... FAILED
Dec 03 12:28:27.822 INFO [stdout] 
Dec 03 12:28:27.822 INFO [stdout] failures:
Dec 03 12:28:27.822 INFO [stdout] 
Dec 03 12:28:27.823 INFO [stdout] ---- tests::send_push_notifications_small_chunks stdout ----
Dec 03 12:28:27.823 INFO [stdout] thread 'tests::send_push_notifications_small_chunks' panicked at 'push notifier encountered an error', tests/test.rs:49:13
Dec 03 12:28:27.823 INFO [stdout] stack backtrace:
Dec 03 12:28:27.823 INFO [stdout]    0:     0x55cf5138c83f - std::sys::unix::backtrace::tracing::imp::unwind_backtrace::h3a8b83e1922cbdde
Dec 03 12:28:27.823 INFO [stdout]                                at libstd/sys/unix/backtrace/tracing/gcc_s.rs:49
Dec 03 12:28:27.823 INFO [stdout]    1:     0x55cf51396117 - std::sys_common::backtrace::print::h00d3155a29b4020f
Dec 03 12:28:27.823 INFO [stdout]                                at libstd/sys_common/backtrace.rs:71
Dec 03 12:28:27.823 INFO [stdout]                                at libstd/sys_common/backtrace.rs:59
Dec 03 12:28:27.823 INFO [stdout]    2:     0x55cf51390bef - std::panicking::default_hook::{{closure}}::hd7465c742e79e1bb
Dec 03 12:28:27.823 INFO [stdout]                                at libstd/panicking.rs:211
Dec 03 12:28:27.823 INFO [stdout]    3:     0x55cf513908ee - std::panicking::default_hook::h9e3966f2aa2a6e12
Dec 03 12:28:27.823 INFO [stdout]                                at libstd/panicking.rs:221
Dec 03 12:28:27.823 INFO [stdout]    4:     0x55cf513912ce - std::panicking::rust_panic_with_hook::h587f091ae747d080
Dec 03 12:28:27.823 INFO [stdout]                                at libstd/panicking.rs:476
Dec 03 12:28:27.823 INFO [stdout]    5:     0x55cf51316527 - std::panicking::begin_panic::h7fa6ffe2d69747d7
Dec 03 12:28:27.823 INFO [stdout]                                at libstd/panicking.rs:410
Dec 03 12:28:27.823 INFO [stdout]    6:     0x55cf50ec7e54 - test::tests::send_push_notifications::hcdb5ba545efb0135
Dec 03 12:28:27.823 INFO [stdout]                                at tests/test.rs:49
Dec 03 12:28:27.823 INFO [stdout]    7:     0x55cf50ec8ab6 - test::tests::send_push_notifications_small_chunks::h5e457ac59f241eab
Dec 03 12:28:27.824 INFO [stdout]                                at tests/test.rs:31
Dec 03 12:28:27.824 INFO [stdout]    8:     0x55cf50ec8a49 - test::tests::send_push_notifications_small_chunks::{{closure}}::hec8984c817f49131
Dec 03 12:28:27.824 INFO [stdout]                                at tests/test.rs:29
Dec 03 12:28:27.824 INFO [stdout]    9:     0x55cf50ec8dad - core::ops::function::FnOnce::call_once::h1f77b21e6344f8a2
Dec 03 12:28:27.824 INFO [stdout]                                at libcore/ops/function.rs:238
Dec 03 12:28:27.824 INFO [stdout]   10:     0x55cf50ecd50e - <F as alloc::boxed::FnBox<A>>::call_box::hac903f91577a156c
Dec 03 12:28:27.824 INFO [stdout]                                at libtest/lib.rs:1468
Dec 03 12:28:27.824 INFO [stdout]                                at libcore/ops/function.rs:238
Dec 03 12:28:27.824 INFO [stdout]                                at liballoc/boxed.rs:672
Dec 03 12:28:27.824 INFO [stdout]   11:     0x55cf513a10c9 - __rust_maybe_catch_panic
Dec 03 12:28:27.824 INFO [stdout]                                at libpanic_unwind/lib.rs:102
Dec 03 12:28:27.824 INFO [stdout]   12:     0x55cf50eef162 - std::sys_common::backtrace::__rust_begin_short_backtrace::hb8f0d0309526c184
Dec 03 12:28:27.824 INFO [stdout]                                at libstd/panicking.rs:289
Dec 03 12:28:27.824 INFO [stdout]                                at libstd/panic.rs:392
Dec 03 12:28:27.824 INFO [stdout]                                at libtest/lib.rs:1423
Dec 03 12:28:27.824 INFO [stdout]                                at libstd/sys_common/backtrace.rs:136
Dec 03 12:28:27.824 INFO [stdout]   13:     0x55cf50eefc14 - std::panicking::try::do_call::hc2f7c8b9a348d8db
Dec 03 12:28:27.824 INFO [stdout]                                at libstd/thread/mod.rs:409
Dec 03 12:28:27.824 INFO [stdout]                                at libstd/panic.rs:313
Dec 03 12:28:27.824 INFO [stdout]                                at libstd/panicking.rs:310
Dec 03 12:28:27.824 INFO [stdout]   14:     0x55cf513a10c9 - __rust_maybe_catch_panic
Dec 03 12:28:27.824 INFO [stdout]                                at libpanic_unwind/lib.rs:102
Dec 03 12:28:27.824 INFO [stdout]   15:     0x55cf50edce4c - <F as alloc::boxed::FnBox<A>>::call_box::h6bfded618e480b32
Dec 03 12:28:27.824 INFO [stdout]                                at libstd/panicking.rs:289
Dec 03 12:28:27.824 INFO [stdout]                                at libstd/panic.rs:392
Dec 03 12:28:27.824 INFO [stdout]                                at libstd/thread/mod.rs:408
Dec 03 12:28:27.824 INFO [stdout]                                at liballoc/boxed.rs:672
Dec 03 12:28:27.824 INFO [stdout]   16:     0x55cf5138e8dd - std::sys_common::thread::start_thread::h4c28257d67cdf9cb
Dec 03 12:28:27.824 INFO [stdout]                                at liballoc/boxed.rs:682
Dec 03 12:28:27.824 INFO [stdout]                                at libstd/sys_common/thread.rs:24
Dec 03 12:28:27.824 INFO [stdout]   17:     0x55cf51380d35 - std::sys::unix::thread::Thread::new::thread_start::hfecb2e7eff8fd34f
Dec 03 12:28:27.824 INFO [stdout]                                at libstd/sys/unix/thread.rs:90
Dec 03 12:28:27.824 INFO [stdout]   18:     0x7f4d1342d6b9 - start_thread
Dec 03 12:28:27.824 INFO [stdout]   19:     0x7f4d12f4d41c - clone
Dec 03 12:28:27.824 INFO [stdout]   20:                0x0 - <unknown>
Dec 03 12:28:27.824 INFO [stdout] 
Dec 03 12:28:27.824 INFO [stdout] ---- tests::send_push_notification stdout ----
Dec 03 12:28:27.824 INFO [stdout] thread 'tests::send_push_notification' panicked at 'push notifier encountered an error', tests/test.rs:18:13
Dec 03 12:28:27.824 INFO [stdout] stack backtrace:
Dec 03 12:28:27.824 INFO [stdout]    0:     0x55cf5138c83f - std::sys::unix::backtrace::tracing::imp::unwind_backtrace::h3a8b83e1922cbdde
Dec 03 12:28:27.824 INFO [stdout]                                at libstd/sys/unix/backtrace/tracing/gcc_s.rs:49
Dec 03 12:28:27.824 INFO [stdout]    1:     0x55cf51396117 - std::sys_common::backtrace::print::h00d3155a29b4020f
Dec 03 12:28:27.824 INFO [stdout]                                at libstd/sys_common/backtrace.rs:71
Dec 03 12:28:27.824 INFO [stdout]                                at libstd/sys_common/backtrace.rs:59
Dec 03 12:28:27.824 INFO [stdout]    2:     0x55cf51390bef - std::panicking::default_hook::{{closure}}::hd7465c742e79e1bb
Dec 03 12:28:27.824 INFO [stdout]                                at libstd/panicking.rs:211
Dec 03 12:28:27.824 INFO [stdout]    3:     0x55cf513908ee - std::panicking::default_hook::h9e3966f2aa2a6e12
Dec 03 12:28:27.824 INFO [stdout]                                at libstd/panicking.rs:221
Dec 03 12:28:27.824 INFO [stdout]    4:     0x55cf513912ce - std::panicking::rust_panic_with_hook::h587f091ae747d080
Dec 03 12:28:27.824 INFO [stdout]                                at libstd/panicking.rs:476
Dec 03 12:28:27.824 INFO [stdout]    5:     0x55cf51316527 - std::panicking::begin_panic::h7fa6ffe2d69747d7
Dec 03 12:28:27.824 INFO [stdout]                                at libstd/panicking.rs:410
Dec 03 12:28:27.824 INFO [stdout]    6:     0x55cf50ec8790 - test::tests::send_push_notification::h7ca2ed968f6e41a5
Dec 03 12:28:27.824 INFO [stdout]                                at tests/test.rs:18
Dec 03 12:28:27.824 INFO [stdout]    7:     0x55cf50ec86c9 - test::tests::send_push_notification::{{closure}}::h3fca94f98bd336be
Dec 03 12:28:27.824 INFO [stdout]                                at tests/test.rs:9
Dec 03 12:28:27.824 INFO [stdout]    8:     0x55cf50ec8ded - core::ops::function::FnOnce::call_once::h86ec6c7e51fee38b
Dec 03 12:28:27.824 INFO [stdout]                                at libcore/ops/function.rs:238
Dec 03 12:28:27.824 INFO [stdout]    9:     0x55cf50ecd50e - <F as alloc::boxed::FnBox<A>>::call_box::hac903f91577a156c
Dec 03 12:28:27.824 INFO [stdout]                                at libtest/lib.rs:1468
Dec 03 12:28:27.824 INFO [stdout]                                at libcore/ops/function.rs:238
Dec 03 12:28:27.824 INFO [stdout]                                at liballoc/boxed.rs:672
Dec 03 12:28:27.824 INFO [stdout]   10:     0x55cf513a10c9 - __rust_maybe_catch_panic
Dec 03 12:28:27.824 INFO [stdout]                                at libpanic_unwind/lib.rs:102
Dec 03 12:28:27.824 INFO [stdout]   11:     0x55cf50eef162 - std::sys_common::backtrace::__rust_begin_short_backtrace::hb8f0d0309526c184
Dec 03 12:28:27.824 INFO [stdout]                                at libstd/panicking.rs:289
Dec 03 12:28:27.824 INFO [stdout]                                at libstd/panic.rs:392
Dec 03 12:28:27.824 INFO [stdout]                                at libtest/lib.rs:1423
Dec 03 12:28:27.824 INFO [stdout]                                at libstd/sys_common/backtrace.rs:136
Dec 03 12:28:27.824 INFO [stdout]   12:     0x55cf50eefc14 - std::panicking::try::do_call::hc2f7c8b9a348d8db
Dec 03 12:28:27.824 INFO [stdout]                                at libstd/thread/mod.rs:409
Dec 03 12:28:27.824 INFO [stdout]                                at libstd/panic.rs:313
Dec 03 12:28:27.824 INFO [stdout]                                at libstd/panicking.rs:310
Dec 03 12:28:27.824 INFO [stdout]   13:     0x55cf513a10c9 - __rust_maybe_catch_panic
Dec 03 12:28:27.824 INFO [stdout]                                at libpanic_unwind/lib.rs:102
Dec 03 12:28:27.824 INFO [stdout]   14:     0x55cf50edce4c - <F as alloc::boxed::FnBox<A>>::call_box::h6bfded618e480b32
Dec 03 12:28:27.824 INFO [stdout]                                at libstd/panicking.rs:289
Dec 03 12:28:27.824 INFO [stdout]                                at libstd/panic.rs:392
Dec 03 12:28:27.824 INFO [stdout]                                at libstd/thread/mod.rs:408
Dec 03 12:28:27.824 INFO [stdout]                                at liballoc/boxed.rs:672
Dec 03 12:28:27.824 INFO [stdout]   15:     0x55cf5138e8dd - std::sys_common::thread::start_thread::h4c28257d67cdf9cb
Dec 03 12:28:27.824 INFO [stdout]                                at liballoc/boxed.rs:682
Dec 03 12:28:27.824 INFO [stdout]                                at libstd/sys_common/thread.rs:24
Dec 03 12:28:27.824 INFO [stdout]   16:     0x55cf51380d35 - std::sys::unix::thread::Thread::new::thread_start::hfecb2e7eff8fd34f
Dec 03 12:28:27.824 INFO [stdout]                                at libstd/sys/unix/thread.rs:90
Dec 03 12:28:27.825 INFO [stdout]   17:     0x7f4d1342d6b9 - start_thread
Dec 03 12:28:27.825 INFO [stdout]   18:     0x7f4d12f4d41c - clone
Dec 03 12:28:27.825 INFO [stdout]   19:                0x0 - <unknown>
Dec 03 12:28:27.825 INFO [stdout] 
Dec 03 12:28:27.825 INFO [stdout] ---- tests::send_push_notifications_default_chunks stdout ----
Dec 03 12:28:27.825 INFO [stdout] thread 'tests::send_push_notifications_default_chunks' panicked at 'push notifier encountered an error', tests/test.rs:49:13
Dec 03 12:28:27.825 INFO [stdout] stack backtrace:
Dec 03 12:28:27.825 INFO [stdout]    0:     0x55cf5138c83f - std::sys::unix::backtrace::tracing::imp::unwind_backtrace::h3a8b83e1922cbdde
Dec 03 12:28:27.825 INFO [stdout]                                at libstd/sys/unix/backtrace/tracing/gcc_s.rs:49
Dec 03 12:28:27.825 INFO [stdout]    1:     0x55cf51396117 - std::sys_common::backtrace::print::h00d3155a29b4020f
Dec 03 12:28:27.825 INFO [stdout]                                at libstd/sys_common/backtrace.rs:71
Dec 03 12:28:27.825 INFO [stdout]                                at libstd/sys_common/backtrace.rs:59
Dec 03 12:28:27.825 INFO [stdout]    2:     0x55cf51390bef - std::panicking::default_hook::{{closure}}::hd7465c742e79e1bb
Dec 03 12:28:27.825 INFO [stdout]                                at libstd/panicking.rs:211
Dec 03 12:28:27.825 INFO [stdout]    3:     0x55cf513908ee - std::panicking::default_hook::h9e3966f2aa2a6e12
Dec 03 12:28:27.825 INFO [stdout]                                at libstd/panicking.rs:221
Dec 03 12:28:27.825 INFO [stdout]    4:     0x55cf513912ce - std::panicking::rust_panic_with_hook::h587f091ae747d080
Dec 03 12:28:27.825 INFO [stdout]                                at libstd/panicking.rs:476
Dec 03 12:28:27.825 INFO [stdout]    5:     0x55cf51316527 - std::panicking::begin_panic::h7fa6ffe2d69747d7
Dec 03 12:28:27.825 INFO [stdout]                                at libstd/panicking.rs:410
Dec 03 12:28:27.825 INFO [stdout]    6:     0x55cf50ec7e54 - test::tests::send_push_notifications::hcdb5ba545efb0135
Dec 03 12:28:27.825 INFO [stdout]                                at tests/test.rs:49
Dec 03 12:28:27.825 INFO [stdout]    7:     0x55cf50ec8a2a - test::tests::send_push_notifications_default_chunks::h54315b7bece489c5
Dec 03 12:28:27.825 INFO [stdout]                                at tests/test.rs:25
Dec 03 12:28:27.825 INFO [stdout]    8:     0x55cf50ec89d9 - test::tests::send_push_notifications_default_chunks::{{closure}}::ha983849034ac1e0a
Dec 03 12:28:27.825 INFO [stdout]                                at tests/test.rs:23
Dec 03 12:28:27.825 INFO [stdout]    9:     0x55cf50ec8e2d - core::ops::function::FnOnce::call_once::h8e80e6a8227102a6
Dec 03 12:28:27.825 INFO [stdout]                                at libcore/ops/function.rs:238
Dec 03 12:28:27.825 INFO [stdout]   10:     0x55cf50ecd50e - <F as alloc::boxed::FnBox<A>>::call_box::hac903f91577a156c
Dec 03 12:28:27.825 INFO [stdout]                                at libtest/lib.rs:1468
Dec 03 12:28:27.825 INFO [stdout]                                at libcore/ops/function.rs:238
Dec 03 12:28:27.825 INFO [stdout]                                at liballoc/boxed.rs:672
Dec 03 12:28:27.825 INFO [stdout]   11:     0x55cf513a10c9 - __rust_maybe_catch_panic
Dec 03 12:28:27.825 INFO [stdout]                                at libpanic_unwind/lib.rs:102
Dec 03 12:28:27.825 INFO [stdout]   12:     0x55cf50eef162 - std::sys_common::backtrace::__rust_begin_short_backtrace::hb8f0d0309526c184
Dec 03 12:28:27.825 INFO [stdout]                                at libstd/panicking.rs:289
Dec 03 12:28:27.825 INFO [stdout]                                at libstd/panic.rs:392
Dec 03 12:28:27.825 INFO [stdout]                                at libtest/lib.rs:1423
Dec 03 12:28:27.825 INFO [stdout]                                at libstd/sys_common/backtrace.rs:136
Dec 03 12:28:27.825 INFO [stdout]   13:     0x55cf50eefc14 - std::panicking::try::do_call::hc2f7c8b9a348d8db
Dec 03 12:28:27.825 INFO [stdout]                                at libstd/thread/mod.rs:409
Dec 03 12:28:27.825 INFO [stdout]                                at libstd/panic.rs:313
Dec 03 12:28:27.825 INFO [stdout]                                at libstd/panicking.rs:310
Dec 03 12:28:27.825 INFO [stdout]   14:     0x55cf513a10c9 - __rust_maybe_catch_panic
Dec 03 12:28:27.825 INFO [stdout]                                at libpanic_unwind/lib.rs:102
Dec 03 12:28:27.825 INFO [stdout]   15:     0x55cf50edce4c - <F as alloc::boxed::FnBox<A>>::call_box::h6bfded618e480b32
Dec 03 12:28:27.825 INFO [stdout]                                at libstd/panicking.rs:289
Dec 03 12:28:27.825 INFO [stdout]                                at libstd/panic.rs:392
Dec 03 12:28:27.825 INFO [stdout]                                at libstd/thread/mod.rs:408
Dec 03 12:28:27.825 INFO [stdout]                                at liballoc/boxed.rs:672
Dec 03 12:28:27.825 INFO [stdout]   16:     0x55cf5138e8dd - std::sys_common::thread::start_thread::h4c28257d67cdf9cb
Dec 03 12:28:27.825 INFO [stdout]                                at liballoc/boxed.rs:682
Dec 03 12:28:27.825 INFO [stdout]                                at libstd/sys_common/thread.rs:24
Dec 03 12:28:27.825 INFO [stdout]   17:     0x55cf51380d35 - std::sys::unix::thread::Thread::new::thread_start::hfecb2e7eff8fd34f
Dec 03 12:28:27.825 INFO [stdout]                                at libstd/sys/unix/thread.rs:90
Dec 03 12:28:27.825 INFO [stdout]   18:     0x7f4d1342d6b9 - start_thread
Dec 03 12:28:27.825 INFO [stdout]   19:     0x7f4d12f4d41c - clone
Dec 03 12:28:27.825 INFO [stdout]   20:                0x0 - <unknown>
Dec 03 12:28:27.825 INFO [stdout] 
Dec 03 12:28:27.825 INFO [stdout] 
Dec 03 12:28:27.825 INFO [stdout] failures:
Dec 03 12:28:27.826 INFO [stdout]     tests::send_push_notification
Dec 03 12:28:27.826 INFO [stdout]     tests::send_push_notifications_default_chunks
Dec 03 12:28:27.826 INFO [stdout]     tests::send_push_notifications_small_chunks
Dec 03 12:28:27.826 INFO [stdout] 
Dec 03 12:28:27.826 INFO [stdout] test result: FAILED. 0 passed; 3 failed; 0 ignored; 0 measured; 0 filtered out
Dec 03 12:28:27.826 INFO [stdout] 
Dec 03 12:28:27.832 INFO [stderr] error: test failed, to rerun pass '--test test'
Dec 03 12:28:27.834 INFO [stderr] su: No module specific data is present
Dec 03 12:28:29.237 INFO running `"docker" "inspect" "321a20914748e62b80aa438fa8369eeb99ca96e6e73425ffd48b11e720ec9c7d"`
Dec 03 12:28:29.655 INFO running `"docker" "rm" "-f" "321a20914748e62b80aa438fa8369eeb99ca96e6e73425ffd48b11e720ec9c7d"`
Dec 03 12:28:30.003 INFO [stdout] 321a20914748e62b80aa438fa8369eeb99ca96e6e73425ffd48b11e720ec9c7d
